6. Suppose z - o = 6. Let f(u) = -u + 23. What are the prime factors of f(z)?
13
Suppose m - 27 = -2*m. Let s be -3*(-1)/3*-4. What are the prime factors of (m/s)/(9/(-48))?
2, 3
Let d(q) = q - 2. Let c be d(4). Suppose 5*i + 30 = 4*l, c*l - 16 = 4*i - i. What are the prime factors of 19/l + 2/10?
2
Let r = 27 - -51. List the prime factors of r.
2, 3, 13
Let b = 151 - 78. List the prime factors of b.
73
Suppose 20 = -0*m - 4*m. Let b(v) = -v**2 - 5*v + 6. What are the prime factors of b(m)?
2, 3
Let b(w) = -w**2 + 10*w + 3. Let o(v) = 2*v**2 - 11*v - 2. Let i(r) = -4*b(r) - 3*o(r). Let t be i(-4). Let m = t + 25. List the prime factors of m.
3, 5
Suppose 0*x = -x - 4*a - 3, 13 = 3*x + a. List the prime factors of 113/x + 9/(-15).
2, 11
Suppose 0 = -5*q + 66 + 94. Let s be 15/(-20) - (-146)/(-8). Let u = s + q. List the prime factors of u.
13
Suppose 12 = 3*m - 2*z - 18, 3 = -m + 5*z. Let c(r) = -r**3 - 5*r**2 + 4*r - 7. Let y be c(-6). Suppose m = -3*h + y*h. What are the prime factors of h?
2, 3
Let n(q) = q**3 + q - 2. Let j be n(0). Let i = 7 + j. Suppose -3 = 2*l + 5*o, -2*l - 18 = -i*o - 65. What are the prime factors of l?
11
Suppose -5*b + 0*b = 355. Let y = -40 - b. List the prime factors of y.
31
Let y be 15*((-1 - -1) + 1). Suppose 0 = -3*z + d + y, -3*d + 17 = 4*z - 3. What are the prime factors of z?
5
Let y(r) = -10*r**3 - 2*r**2 - 2*r - 1. Let h(i) = i**3 + 14*i**2 - i - 15. Let x be h(-14). List the prime factors of y(x).
3
Let i(t) be the third derivative of t**5/60 + t**4/12 - t**3/3 - t**2. Let p be i(-4). Let u = 8 - p. What are the prime factors of u?
2
Let x = 6 + -3. Suppose 5*n = -3*v + 16, v + x*n - 6 = n. What are the prime factors of v?
2
Suppose -2*j + 357 = m, -j - 2*m = -179 - 4. What are the prime factors of j?
3, 59
Let i(l) = -19*l + 5. What are the prime factors of i(-4)?
3
List the prime factors of (-49 + 0)/(-1) - 2.
47
List the prime factors of 279/(-6)*8/(-6).
2, 31
Let c be 2/(-10) + 3/15. Suppose 0 = -5*p - 20, c*b - 4*b = 5*p + 40. List the prime factors of b/(15/(-18)) - 0.
2, 3
Let k = -18 + 13. Let l(c) = c**3 + 4*c**2 - 9*c - 8. List the prime factors of l(k).
2, 3
Let j(c) = -c**3 - 2*c**2 + 4*c + 3. Let g be j(-3). Suppose -2*l + 10 = -g*l. List the prime factors of l.
5
Suppose -7*h + 3*h = -612. What are the prime factors of h?
3, 17
Suppose 3*l + 5*p = 5*l - 71, -2*l + 51 = -p. List the prime factors of l.
23
Suppose 25 = 3*l - 2*h, 2*l + l - h - 23 = 0. List the prime factors of l.
7
Let z(c) = c**2 + 2*c. Let b be z(-2). Suppose 0 = -b*h - 4*h + 8. Suppose 5*w + 3*t = 28, h*w = -t + 3*t + 8. What are the prime factors of w?
5
Let i be -3*3 + (-1)/(-1). Let g(o) = o**3 + 7*o**2 - 9*o. List the prime factors of g(i).
2
Let a(t) = t. Suppose -80 = -3*v - v. Suppose 3*l + 2*l + 2*p = v, -2*l = -3*p - 27. List the prime factors of a(l).
2, 3
Let v be ((-2)/4*0)/2. Suppose 5*r = 3*c - 9, -9 = -3*c - v*r - 4*r. List the prime factors of c.
3
Suppose 33 = 4*u - 3*u. What are the prime factors of u?
3, 11
Let j be 2/(-3)*492/(-8). Let w = j - 28. List the prime factors of w.
13
List the prime factors of ((-2)/(-1) - 4)*(-452)/8.
113
Suppose -11*m = -2 - 1395. What are the prime factors of m?
127
List the prime factors of 70/4 + 2/(-4).
17
Let u = -77 - -129. List the prime factors of u.
2, 13
Let y = 10 + -8. List the prime factors of (-42)/(-3) - (1 - y).
3, 5
Suppose 0 = z + 3*z - 20. Suppose 0 = -z*g + 4*g + 7. What are the prime factors of g?
7
Let w(j) = j**2 + 2*j - 10. Suppose 3*a - g + 0*g = -20, -32 = 5*a - 3*g. Let x be w(a). Let b = -10 + x. List the prime factors of b.
3, 5
Let v(y) = -y**3 + 4*y**2 + 2*y + 5. Let p be v(5). What are the prime factors of p/55 + (-134)/(-11)?
2, 3
Suppose -x = -5*g + 10, -g = -5*x + 2*g - 50. Let q = 18 + x. Suppose 4*d = -0*d + q. List the prime factors of d.
2
Let a be (-1167)/(-9) + (-2)/3. Suppose 5*x - 131 = -3*l + l, -a = -5*x - 3*l. Let v = x + -16. List the prime factors of v.
11
Let u(n) = 2*n - 5*n - 4 - 2*n + 0*n. List the prime factors of u(-7).
31
Let v(d) = 4*d**2 + 6*d - 9. What are the prime factors of v(-7)?
5, 29
Let h(y) = -y**3 + 9*y**2 + 8*y + 6. Let v be h(10). Let o be 4/v - 48/(-21). Suppose 0 = 3*x + o*c - 10, x + 4*c - 3 = -13. What are the prime factors of x?
2, 3
Suppose 7*g - 307 - 113 = 0. What are the prime factors of g?
2, 3, 5
Suppose -24 = -4*a + 3*a. List the prime factors of a.
2, 3
Let c = 174 - 94. What are the prime factors of c?
2, 5
Suppose 7*j - 3*j = 660. Suppose 6*i - i - j = 0. Suppose -o + i = o + q, o - 13 = -4*q. What are the prime factors of o?
17
Let l(w) = w**3 - 6*w**2 - 2*w + 3. Let h be l(6). Let r be (-36)/(-4)*(-10)/(-3). List the prime factors of r/h*12/(-5).
2
Suppose -k + 0*k = -21. Let b = 7 + k. What are the prime factors of b?
2, 7
Suppose 5*a = -3*l - 7, -4*a + 0*a + l = -8. Let k(r) = 20*r**3 + r**2 - 1. List the prime factors of k(a).
2, 5
Let d(y) = 14*y. List the prime factors of d(5).
2, 5, 7
Let q(d) = -d**3 + 7*d**2 - 5*d - 5. Let n be q(6). Suppose n = 2*b - 21. Let f = 16 - b. List the prime factors of f.
5
Suppose -n = -7*n + 1194. What are the prime factors of n?
199
Let y(i) = 5*i**2 - i. Let k(n) = -n - 1. Let d be k(-1). Let o be -1*(3 + -2) - d. List the prime factors of y(o).
2, 3
Suppose -4 = 2*b - 4*t, t = -4*t + 20. What are the prime factors of b?
2, 3
Suppose 318 = 7*p - 67. What are the prime factors of p?
5, 11
Let o be 3*-1 - 1*-1. Let c(j) be the first derivative of -j**4/4 - j**3/3 - j - 7. What are the prime factors of c(o)?
3
Let g(l) = -43*l - 2. Let k be g(-2). Let p = -42 + 53. Suppose p = 5*y - k. List the prime factors of y.
19
Suppose 7*b = 5*b - 16. Let z(j) = j**3 + 5*j**2 - 2*j - 4. Let y be z(-4). Let x = b + y. What are the prime factors of x?
2, 3
Let j(z) = -2*z - 10. Let k be j(-7). Suppose -k*c = -18 - 6. List the prime factors of c.
2, 3
Let r = -7 - -14. Suppose r + 5 = 3*a. What are the prime factors of (-35)/(-11) + a/(-22)?
3
Let w be 20*(-4)/(-64)*4. Suppose 2*q = 0, -5*c + 136 + 9 = -w*q. List the prime factors of c.
29
Let v be 3 - 6/(3 + 0). Suppose 2*o = 4*y + 3 - v, -21 = -3*y - 3*o. Suppose -5*b + 48 = y*g, -4*b + 24 = -2*g - 0*g. List the prime factors of b.
2
Suppose 0*j + 5*j - 50 = 0. Let g = 47 - 12. Suppose j*v - g = 5*v. What are the prime factors of v?
7
Let g(y) = -52*y**3 + 2*y**2 + y. Let l be g(-1). Suppose x - l = 3*z, 0*x - 58 = -x + 4*z. What are the prime factors of x?
2, 19
Let s be 2/(-6) + 42/(-9). Let p be (-2)/(7/((-49)/2)). Let g = p - s. List the prime factors of g.
2, 3
List the prime factors of ((-12)/15)/((6/75)/(-1)).
2, 5
Suppose 0 = n - 0*n. Let i = 9 - n. List the prime factors of i.
3
Suppose 2*a + 2*s - 26 = 0, 0*s - 30 = -5*a + 2*s. What are the prime factors of a?
2
Let d(i) = -i**2 + 1. Let o be d(0). Let j be (o - (1 + 1)) + 6. Suppose -j*t = -t - 32. What are the prime factors of t?
2
Suppose -5*x + 6*x = 37. List the prime factors of x.
37
Suppose 98 = 4*o + 3*v, 0 = -2*v + 4. What are the prime factors of o?
23
Suppose -2*l + 4 = -2. Let f(z) = z**3 + 3*z**2 - 6*z - 3. Let i be f(-4). Suppose 4*x + l*u - 34 = 0, i*x - 44 = -u + 4. List the prime factors of x.
2, 5
Let l be (60/(-5))/(3/9). Let c = -20 - l. What are the prime factors of c?
2
Let a(s) = -2*s + 1. What are the prime factors of a(-16)?
3, 11
Suppose -250 = -2*m - 3*m. Let v = m - 33. What are the prime factors of v?
17
Suppose -3*c = 4*m - 0*c + 14, 0 = -2*c + 4. Let k = 2 - m. List the prime factors of k.
7
Suppose 5*b - 3*g + 13 = 41, 0 = -4*b - 2*g + 40. Suppose -3*w = -b*w. Suppose w*m - 4*m + 16 = 0. What are the prime factors of m?
2
Let d be (-4 - 1)*(-4)/10. Suppose 0 = -l + d*l - 10. List the prime factors of l.
2, 5
Suppose 0 = -4*c + k - 0*k + 127, -4*c + 131 = 3*k. What are the prime factors of c?
2
Let w(l) = -2*l**3 - 4 - 3*l**2 - 6*l + 4*l + l + 3*l**3. Let n be w(4). Suppose 0 = r + 3*r - n. What are the prime factors of r?
2
Suppose -3*m - q + 336 = 0, 0 = -4*m + 2*q + 263 + 175. What are the prime factors of m?
3, 37
Let k(h) = h + 7. Let r be k(-5). Suppose -60 = -4*z + 2*v, 4*v + 38 = r*z + v. Let b = z - 4. What are the prime factors of b?
3
Let q = 319 + -190. What are the prime factors of q?
3, 43
Let g be (29 - -